n**2 - 2*n + 0*n**2 + 4 + 3*n**2. Calculate z(k).
-2
Let f(q) = q - 6. Suppose 24 = u + 5*u. What is f(u)?
-2
Let p(t) = -t**2 + 2. Suppose 270 = -j + 268. Give p(j).
-2
Let f(o) = -o - 25. Let k be f(-24). Let b(c) = -12*c. Give b(k).
12
Let y(v) = v**3 - 11*v**2 - v + 16. Let p = 136 + -125. What is y(p)?
5
Let t(w) be the first derivative of w**2 - 9*w - 12. What is t(8)?
7
Let s be ((-12)/(-10))/(58/(-10) - -6). Let f(x) = -x**2 + 3*x + 5. Calculate f(s).
-13
Suppose 3*y = 5*y + 10. Let t(m) = 4 + 4 - 4*m + 2*m**2 - 2 - 3*m**2. Determine t(y).
1
Let b(v) = v - 2. Let x = -10 - -10. Determine b(x).
-2
Let c(z) = z - 7. Let n be 18/(-4)*-8*4/(-24). What is c(n)?
-13
Let x(y) be the third derivative of 0 + y**2 + 0*y + 1/6*y**3 + 1/24*y**4. Calculate x(-1).
0
Let r(t) be the first derivative of -t**2 - 2*t + 14. Calculate r(-2).
2
Let k be 1/(-2)*(-10 + 0). Suppose 5*f + 29 = 5*m - 6, -k*f = -3*m + 29. Let y(g) = g**2 - 4*g + 2. Determine y(m).
-1
Let i(o) = 6*o - 6. Let g(a) = -2*a + 2. Let y(t) = -14*g(t) - 5*i(t). What is y(-3)?
8
Let q = -2 - -1. Let y(h) = -56*h - 2*h**2 + 106*h - 51*h - 6*h**3. Calculate y(q).
5
Let b(x) = -2 + 2*x**2 + 3 + 3*x + 0 + 2. Determine b(-3).
12
Let n be -1 - (3 - 9)*1. Let y(p) = 3*p - 2*p - 16 + 18 + 3*p**2 - n*p. Calculate y(2).
6
Let n(g) = -g**2 - 3*g - 3. Let h = 25 + -23. Suppose 4*o - 5*c + 12 = -3*c, 0 = -c - h. Give n(o).
-7
Let k(p) = -2*p - 16. Suppose -99 = 43*l - 34*l. What is k(l)?
6
Let q(y) = -y**2 + y - 2. Let s = 3 - 3. What is q(s)?
-2
Let q(w) = -w**2 - w + 3. Let h(r) = -r**2 + 4. Let d(p) = 4*h(p) - 3*q(p). Suppose 0*g + 5*g = 45. Let v = 14 - g. What is d(v)?
-3
Let x(w) be the second derivative of w**3/6 - w**2 + 6*w. Determine x(1).
-1
Let n(s) = 2*s**3 - 2*s**2 + 2*s + 1. Let k(w) = w**2 + 4*w + 2. Let z be k(-4). Let c be 2 - (3 - (5 - z)). Give n(c).
13
Let y(i) = 10*i + 4. Let n(v) = 3*v + 1. Let f(d) = -7*n(d) + 2*y(d). Let m(h) = -h**3 - 5*h**2 + 7*h + 8. Let p be m(-6). Calculate f(p).
-1
Let w(c) = 3*c - 6. Let s = 60 + -53. Calculate w(s).
15
Let h be 210/20 + (-2)/(-4). Let v(d) = -d**3 - d**2 - 3*d - 4. Let a(p) = -3*p**3 - 2*p**2 - 8*p - 11. Let j(l) = h*v(l) - 4*a(l). Determine j(3).
-3
Suppose -2*k + 0*k + 3 = n, -8 = -2*k + 4*n. Let f(j) = -k*j**3 - 3*j**2 + 3*j**3 - 6 + 7*j**2 + 3*j - 2*j**3. What is f(4)?
6
Let t(l) = -2*l**3 - 5*l**2 - 3*l - 2. Suppose -4 - 8 = 4*f. What is t(f)?
16
Let v(p) = -p**3 - p**2 - 3. Let b(m) = m**3 + 3*m - 4. Let c(g) = -g + 1. Let y(q) = -b(q) - 3*c(q). Let a(l) = -v(l) + 2*y(l). Give a(0).
5
Let s = 2 - -1. Let o(c) = -c**3 + c**2 + 5*c - 3. Give o(s).
-6
Let c(f) = -7*f**3 + 5*f**2 + 5*f + 3. Let d(o) = -21*o**3 + 14*o**2 + 14*o + 8. Let r(h) = -11*c(h) + 4*d(h). What is r(1)?
-6
Suppose -7 = 4*v + 13. Let r be v*(0 - (0 - -1)). Let z(l) = 4*l + 2 - 1 + 0*l**2 - l**2. What is z(r)?
-4
Let j(l) = -2*l**3 - 5*l**2 + 7*l - 21. Let x(n) = -n**3 - 2*n**2 + 3*n - 11. Let w(g) = 3*j(g) - 5*x(g). Suppose 3*c - 10 = -76. Let v = c - -16. Give w(v).
-8
Let a(o) = 507*o**2 + 1 + o - 506*o**2 - 5. Let u be 0 - (2 - (-1 + 3)). Calculate a(u).
-4
Let m(s) = 2*s**2 + s. Suppose -4*a + 10 = -2*n, -3*n + 2*a + a - 9 = 0. What is m(n)?
1
Let b(k) = -15*k + 16*k - 4 - 3. What is b(-6)?
-13
Let r(q) = -q**2 + q - 1. Let i be 10/(-5) + 5 + 0. Determine r(i).
-7
Suppose 0 = -4*m - 4*g + 8, -14 = -2*m - 4*g - 0*g. Let r(b) = b**2 + 3*b + 3. What is r(m)?
3
Let j(i) = -i. Suppose 3*q - 12 = 2*h + 3*h, -h - q = -4. Let l be -3 - (h + -2 + 1). Give j(l).
2
Let x(a) = 7*a + 16 - 2*a + a**2 + 2*a - 6. What is x(-7)?
10
Let t(u) be the third derivative of -u**6/120 - u**5/15 - u**4/8 - u**2. Let b be 142/(-10) + 1/5. Let o be (-32)/14 - 4/b. What is t(o)?
-2
Let s(w) = w**2 + 7*w - 8. Suppose 0 = 5*f + 49 - 4. What is s(f)?
10
Let a = 11 + -17. Let d(g) = g**2 + 7*g + 8. Calculate d(a).
2
Suppose -5*u = 2*o + 38, -5*u + 5*o - 3 - 7 = 0. Let p(a) = -a**3 - 6*a**2 + a + 6. Calculate p(u).
0
Let k = -29 + 34. Let r(m) be the third derivative of -m**5/60 + m**4/6 - 5*m**3/6 - m**2. Calculate r(k).
-10
Let q(z) = -z**3 + z**2 + z - 1. Let p(l) = 7*l**3 - 6*l**2 - 5*l + 2. Let i(d) = p(d) + 6*q(d). What is i(0)?
-4
Let m(s) = -2*s + 3. Let n be m(4). Let x(z) = -3*z**3 + z**2 - 3*z + 2. Let w(q) = -q**3 - q**2 - q - 1. Let a(y) = -4*w(y) + x(y). What is a(n)?
1
Let t(w) be the third derivative of -w**6/120 - w**5/20 + w**4/8 + w**3/6 - 41*w**2. Let c = -2 - -6. Let i(b) = b**2 - 6*b + 4. Let s be i(c). Give t(s).
5
Suppose 22 = -4*k - 2. Let f = k + 1. Let p(q) = 3*q + 4. Determine p(f).
-11
Let u be (-1 + -2)*(-4)/3. Let a(f) = -f**3 - 2*f**3 - f + 5*f**3 - 2 + 4*f**2 - 3*f**3. Give a(u).
-6
Let l = 1 + -1. Let n(v) be the first derivative of 6*v + 1/2*v**2 - 1. Give n(l).
6
Let n(y) = -y - 1. Let x be n(4). Let l(t) be the third derivative of 0 + t**3 + 0*t + 1/24*t**4 - 2*t**2. Give l(x).
1
Let z = -7 - -10. Let h(l) = -5*l**2 + 0 + l - l**3 + 0*l - 2 + z*l. Determine h(-6).
10
Let f(a) = a**2 - 5*a - 3. Suppose 0 = 3*k + 2*i - i - 13, k = -2*i - 4. Give f(k).
3
Let m(r) = -r + 1. Let k(n) = -n**2 - 9*n + 6. Let c(t) = -k(t) + 2*m(t). Determine c(-8).
4
Let w(z) = -7*z**2 + 2*z + 1. Let y be -3 - (-175)/49 - 11/7. Determine w(y).
-8
Let b(f) = 7*f**3 + 11*f. Let c(l) be the third derivative of -l**6/6 - l**5/60 - 4*l**4/3 - 2*l**2. Let x(v) = 17*b(v) + 6*c(v). What is x(-5)?
0
Let p(j) = j. Suppose 7 + 1 = 5*k + 2*i, k - 4 = 2*i. Let l(z) = z**3 - z**2 + z + 9. Let d be l(0). Suppose k*f = 1 + d. Calculate p(f).
5
Suppose 0*s + 5*s + 3*i + 78 = 0, -s + 2 = 5*i. Let f be (-2 + (-10)/(-6))*s. Let x(d) = 2*d - 4. What is x(f)?
8
Let u(x) = 4 + 8*x**2 - 6*x - 7*x**3 + 6*x**3 - 2*x**2. Determine u(5).
-1
Let x(y) = 17*y + 11. Let b(d) = 6*d + 4. Let o(w) = 8*b(w) - 3*x(w). Let k = -4 + 7. Suppose 0*t + k = 3*t. Determine o(t).
-4
Let j be -3 + (-1 - -3) - -7. Let i(o) = 10*o**2 - 18*o + 6. Let g(s) = 7*s**2 - 12*s + 4. Let v(c) = 7*g(c) - 5*i(c). Determine v(j).
-2
Suppose -15 + 9 = 3*z. Let r(c) = 1 - 4*c + 5*c + 4*c. What is r(z)?
-9
Let o(k) = k + 7. Suppose 5*n - 4*m + 0 = -16, -4 = -m. Calculate o(n).
7
Let m(x) = -6 + 4 - x + 0*x. Let b(s) = -7*s + 0 + 3*s**2 - s**3 + 3*s**2 + 5. Let p be b(5). Give m(p).
3
Let p(o) be the third derivative of 1/2*o**3 + 0 - 3*o**2 + 0*o + 1/12*o**4 + 1/60*o**5. Let j(x) be the first derivative of p(x). Calculate j(-2).
-2
Let d(c) = 5*c + 0*c + 3 + 2 - 2. Let t(a) = -4*a - 2. Let z(r) = 3*d(r) + 4*t(r). Suppose 0 = 2*f + 3*u - 9, f - 5*u + 0*u + 15 = 0. Determine z(f).
1
Suppose 53 = -q + 49. Let m(a) = -a + 3. Determine m(q).
7
Let x(d) = d - 2. Let n(c) = -c + 16. Let i be n(13). Suppose 4*z - 42 = 18. Suppose 0 = -3*a - z - i. Give x(a).
-8
Let m(y) = 3*y - 7 - 4*y - 2*y + 2*y. Give m(-6).
-1
Let q = 137 + -140. Let h(j) = 6*j. Let b(r) = -r. Let u(t) = 5*b(t) + h(t). Calculate u(q).
-3
Let m(k) = -k**2 - k + 1. Suppose a = 5*q - 0*q, -4*q + 11 = -3*a. Let f(w) = 4*w**2 + w - 4. Let s(i) = q*f(i) - 3*m(i). Give s(-1).
-2
Let i(r) be the first derivative of r**5/20 + 5*r**4/12 - 2*r - 2. Let l(z) be the first derivative of i(z). Determine l(-5).
0
Let r be (-1)/3 + 34/(-6). Let h(m) = -2*m - 8. Let z be h(r). Let n(v) = -v + 4. Let g be n(z). Let f(i) = i**2 - i - 3. Calculate f(g).
-3
Let c(x) = -3*x - 1. Suppose 10 = -0*s + 2*s. Suppose a - k = 3*k - 14, 0 = -s*a + k + 6. Suppose 2 + 0 = a*t. Calculate c(t).
-4
Let c(o) = -o**2 - 5*o + 6. Let r be c(-6). Let v(f) = r*f**3 + 4*f**3 - 3*f + 1 + f**2 + 0 - 3*f**3. Determine v(2).
7
Suppose -2*x = -3*h + 13, -2 = 2*h - 0*h + 4*x. Suppose k + 13 = 5*l, 4*k + 7*l - 23 = 2*l. Suppose z - k = -h. Let a(p) = 6*p**3 + p**2 - p - 1. Give a(z).
-5
Let o(t) = 8*t**2 - 4*t**2 + 5*t - 2 - 3*t + 2*t**3. Let l be (-1)/(-1 - -2) - 3. Let w(y) = -y**3 - 3*y**2 + 6*y + 6. Let z be w(l). Determine o(z).
-6
Let h(t) be the third derivative of t**4/24 + t**3/6 - 6*t**2. Give h(-7).
-6
Suppose -2*a - 2 = -k - 9, 4*a - 17 = -k. Let l(w) = 4*w**3 + w**2 - w. Let n be l(k). Let f(z) be the first derivative of -z**2/2 + z + 1. What is f(n)?
-3
Let x(m) = -2*m + 12. Let n be x(8). Let l = n + 6. Let p(r) = 11 + 2*r**l - 3*r**2 + 5*r - 9. Calculate p(4).
6
Let j(t) = t**2 + 2*t + 2. Suppose 5*i - 5 = -